he greatest common divisor of 182 and w.
26
Suppose 357*z + 33517 = 131335. What is the greatest common factor of 1781 and z?
137
Suppose 4*t = -t + 710. Let u = t - 102. Calculate the greatest common factor of u and 88.
8
Suppose 3*m = 3, -2 = -o - 2*m - 33. Let s = o - -38. Suppose -s*p + 2*p = -84. Calculate the highest common divisor of 7 and p.
7
Let z(q) = 11*q**3 - 17*q**2 - 83*q + 678. Let y be z(8). What is the highest common divisor of y and 430?
86
Suppose 550210 = 76*h - 160618. What is the highest common divisor of h and 47?
47
Let x(c) = -4*c**3 + 15*c**2 - 8*c - 5. Let r(p) = -p**3 - p**2. Let a(i) = 2*r(i) - x(i). Let s be a(8). What is the greatest common factor of 35 and s?
5
Suppose 6*c - 840 = -22*c. Suppose -c*t + 14*t = -14016. What is the highest common divisor of 12 and t?
12
Suppose 8*a - 355 = -5*w + 13*a, 2*w + 5*a = 107. Calculate the highest common divisor of 42 and w.
6
Suppose -16*j - 16312 = -105923 - 5813. What is the greatest common divisor of 12 and j?
12
Let j = -21942 + 21945. Let k = 0 + 6. Suppose k*x - x = -10, 3*r - 61 = -x. What is the greatest common factor of r and j?
3
Let o be (65/(-26))/(4*(-7)/7056). Calculate the greatest common factor of 504 and o.
126
Let a(t) be the third derivative of -t**4/24 + t**3/6 + 3*t**2. Let p be a(-4). Suppose 3*m = p*m - 52. What is the highest common factor of m and 26?
26
Suppose -34 = -3*n + 4*c, -c - 85 = 5*n - 10*n. Suppose 212*f - 221*f + 1161 = 0. Let k = f - 120. What is the highest common factor of k and n?
9
Let b be (5/(-3))/(7/882*7). Let c(j) = -j + 51. Let l be c(b). What is the highest common divisor of l and 9?
9
Let m be 3 + 11 - (-1 + 1). Let f be (4/(-3))/(14/(-105)). Suppose -f*a + 196 = -3*a. What is the greatest common factor of a and m?
14
Suppose -3*r = r - 2352. Suppose 4*y + 452 = 5*o, 277*o = 274*o + 3*y + 276. What is the highest common divisor of o and r?
84
Let d(g) = 14*g**2 - 14*g - 65. Let j be d(8). Let v = j + -683. What is the greatest common factor of v and 8?
4
Let b = 347 - 211. Let f(x) = -x**3 + 34*x**2 + x - 17. Let t be f(34). Calculate the greatest common factor of b and t.
17
Suppose -6*d - 126 = -3*s - d, d - 42 = -s. Suppose 6*f + 668 - 962 = 0. Calculate the highest common factor of f and s.
7
Suppose 4*u = -3*a + 22, 769 = -2*a + 765. Suppose 0*p + 2*p = 98. What is the highest common factor of p and u?
7
Suppose -109*c - 890 = -115*c + 1174. What is the highest common divisor of 8084 and c?
172
Let p = -1530 + 3121. Let t = 91 - 48. Calculate the highest common divisor of p and t.
43
Let r be ((-40)/5 - -1)*20/(-14). Suppose -767 - 483 = -5*g. Calculate the highest common factor of g and r.
10
Let z = 1437 + -734. Let f(h) = -300*h + 2119. Let b be f(7). What is the greatest common factor of z and b?
19
Let u be 0/(-115) - (-1)/((-2)/(-22)). Suppose u*l - 800 = -9*l. Calculate the greatest common factor of 90 and l.
10
Let f be 3*(-60)/144 + 87/12. Let y(r) be the first derivative of 8*r**2 - r - 1. Let u be y(1). What is the highest common factor of f and u?
3
Let z be (-1 - 1) + 12 + -4. Suppose -67*w + 60*w + 14 = 0. Suppose 3*n + w*l = -2*n + 112, 3*n + 4*l = 56. Calculate the greatest common factor of z and n.
6
Let v = -14 + 16. Let f be v*((-10)/50)/(4/(-90)). Suppose 0 = -6*a + 57 + f. Calculate the greatest common divisor of 44 and a.
11
Suppose -1227 = -3*o - 9*r, -351 = -o - 5*r + 44. What is the highest common divisor of o and 688?
86
Suppose -13*u + 652 = 587. Calculate the greatest common factor of u and 319.
1
Suppose -36*n = 13*n - 31262. Let d = n - 627. Let k = -3 + 4. Calculate the greatest common divisor of d and k.
1
Let t(o) = o**2 - o - 3. Let r be t(3). Suppose 0*v - 189 = -r*v. Let m(l) = -l**3 + 78*l - 6. Let g be m(-9). What is the highest common factor of g and v?
21
Let a(j) = -5*j**3 - 8*j**2 - 17*j - 26. Let k be a(-3). Calculate the highest common factor of k and 136.
8
Suppose -5*q - 130 = -5*r, -4*q - 17 - 61 = -3*r. What is the greatest common divisor of 21 and r?
1
Let t be (3 - 4)*-1 - -4. Let z be (-4)/16*0 + t + -2. Suppose -z*k + 4*k - 24 = 0. Calculate the highest common divisor of k and 18.
6
Let j = 174 + -179. Let i(g) = 5*g**2 + 16*g - 12. Let b be i(j). Calculate the greatest common factor of 132 and b.
33
Let l(j) = -47*j + 5. Let o be l(8). Let n(b) = -561*b**3 + 4*b**2 - 3*b. Let t be n(1). Let p = o - t. Calculate the greatest common divisor of p and 21.
21
Let v = 4 + -2. Suppose i = -2*b + 128, 4*i + v*b = -3*b + 500. Let l be 107905/9249*((-6)/(-9) - 13/(-21)). Calculate the highest common factor of i and l.
15
Suppose 1814*j - 1815*j - 4*p + 4316 = 0, 3*j - 2*p - 12878 = 0. Calculate the highest common factor of j and 24.
24
Let q = -9218 + 10640. Calculate the highest common divisor of q and 2528.
158
Let p = 19 - -72. Let u = -567 - -580. Calculate the greatest common factor of p and u.
13
Suppose -16*b + 95 = 3*b. Let g be (-1)/(12/20)*(-55 - b). Calculate the greatest common factor of 80 and g.
20
Let i = -114 + -117. Let s = i + 250. Suppose 0 = -5*o + 490 + 175. What is the greatest common factor of o and s?
19
Suppose 31*m - 1178 = 1798. What is the greatest common divisor of 2464 and m?
32
Let a = 600 - -2970. What is the highest common divisor of 98 and a?
14
Let m = 41521 + -41309. What is the greatest common factor of 8851 and m?
53
Suppose -2*q + 1718 = 4*r, -5*q + 13*r - 16*r + 4302 = 0. Suppose 5*i = 2*s - q - 448, 3*i - 15 = 0. What is the highest common factor of s and 23?
23
Let q = 23966 - 1584. Calculate the highest common divisor of q and 62.
62
Suppose -38 = -190*f + 188*f. Let v be (13 + -32)/(24/26 + -1). Calculate the greatest common factor of v and f.
19
Let f = 1749 - 1695. What is the greatest common factor of f and 192?
6
Let p be (-5 - -4)*(0 + -3). Let f = 12365 + -12296. What is the highest common divisor of f and p?
3
Suppose 0 = 6*a + r - 10028, 35*a - 31*a - 4*r - 6704 = 0. Calculate the greatest common factor of 1045 and a.
209
Let v be (-44)/(-33)*(8 - (-2)/(-1)). Let k = 10 - v. Let u be ((-51)/(-12)*k)/(3/6). Calculate the highest common factor of 119 and u.
17
Suppose -12*x + 10*x = -3*i + 33626, -2*i = -2*x - 22416. What is the greatest common divisor of 38 and i?
38
Let l(g) = -g**2 + 7*g + 41. Let u be l(11). Let h be u*6/(-18)*136. What is the highest common divisor of h and 34?
34
Let k(b) = b + 27. Let r be k(-22). Suppose -5*v = -v - 3*c - 233, r*c - 41 = -v. Let l = v + -48. Calculate the greatest common factor of 8 and l.
8
Let o(i) = -16*i - 4. Suppose 22 = -k + v, 0 = -k + 2*k - 4*v + 31. Let b be o(k). Suppose 8*y = 9*y - b. What is the highest common divisor of 30 and y?
30
Let r be (4/(-14) + (-3420)/(-945))*162. Calculate the highest common factor of 1215 and r.
135
Let j be 0 - (2 - 2 - 66). Let h = -26822 - -27548. Calculate the highest common divisor of h and j.
66
Suppose 18 = -3*w + 6. Let d be (2/(-3))/(w/6). Let b be 4 + (222*d - 1). What is the highest common factor of 90 and b?
45
Let s = 5332 + -5308. Calculate the highest common factor of s and 84.
12
Suppose -5897 = -30*n - 497. Calculate the greatest common divisor of n and 855.
45
Suppose 0 = -q - 3 - 3. Let w = 9 + q. Suppose -w*c - 3*p + 666 = 0, -3*c + 8*c + 2*p - 1116 = 0. Calculate the highest common divisor of c and 28.
28
Let i = 2033 - 1005. Calculate the greatest common divisor of i and 3341.
257
Suppose -4*h + 3 + 29 = 0. Let o be 42 - 3/6*h. Suppose 48 = -o*k + 41*k. Calculate the highest common divisor of k and 8.
8
Suppose -5*p + 4446 = -l, -35*p - 2*l = -39*p + 3564. What is the highest common factor of p and 259?
37
Let s = 197 + -202. Let r be s/(-2)*42/(3 + 4). What is the greatest common factor of r and 75?
15
Let q = -496 + 1358. Let t = q + -832. Calculate the greatest common factor of t and 6.
6
Let p = 17 - 25. Let s(v) = -13*v - 32 + 50 - 41. Let r be s(p). What is the greatest common divisor of r and 9?
9
Let h = -88 - -86. Let m be (-12)/(-18)*h/((-8)/(-30)). Let r = m - -7. Calculate the highest common factor of 26 and r.
2
Let b = 366 + -54. What is the highest common divisor of b and 117?
39
Suppose -5 = -5*n + i, 2*n + i = 6*n - 3. Let r(v) = -2*v - 9. Let b be r(-4). Let g be b/(15/(-12) + 1). Calculate the high